 Suppose 58*q - 452 = k*q. List the prime factors of q.
2, 113
Let w = -1098 - -1620. Let u = w + -267. List the prime factors of u.
3, 5, 17
Suppose -1002 = -2*v - 4*v. Let k = -371 + v. Let n = 30 - k. List the prime factors of n.
2, 3, 13
Let c = 4660 + -2992. Suppose -300 + c = 12*q. What are the prime factors of q?
2, 3, 19
Let u(n) = -n**2 + 11*n + 2. Suppose 2*g = -4*p + 24, 28 = -2*p + 6*p + g. Let r be u(p). Let b = r - 19. What are the prime factors of b?
7
Let v = 17942 + -4934. What are the prime factors of v?
2, 3, 271
Suppose 4*i - 8 = 6*i, -i = -5*s - 6. List the prime factors of (210/40 + -8)/(s/216).
3, 11
Suppose 3*y = -3*u + 16134, -16*y + u = -12*y - 21537. What are the prime factors of y?
7, 769
Let a(f) = 7*f**3 - 12*f**2 + 5*f - 3. Let g(q) = -2*q - 2. Let l(p) = p**3 - p**2 - 14*p + 5. Let s be l(4). Let c be g(s). What are the prime factors of a(c)?
3, 7, 13
Let i = 349 + -329. Let s(d) = -2*d**3 + 40*d**2 + 3*d - 5. List the prime factors of s(i).
5, 11
Suppose 4*y - 3*s + 3 = 0, 2*y - s + 3 = -0*y. Let g be y*38/(-6) - 1. Suppose -5*c = 2*f - 125, -c + 3*f + g = 2*f. What are the prime factors of c?
23
List the prime factors of (1215 - (14 - 10)) + -10.
1201
Suppose 3*k - 2114 = -q, 3*k = 4*k + q - 708. Suppose 2089 = -9*n + 12*n - 4*m, -n - 2*m = -k. What are the prime factors of n?
3, 233
Suppose 4*u - 50236 = -2*z, -2626*z = -2627*z - u + 25109. List the prime factors of z.
2, 5, 251
Suppose 5*x + 620 = -5*y, -4*y + 3*x - 128 = -3*y. Let k = y - -125. Let v(u) = -4*u + 21. List the prime factors of v(k).
3, 7
Let j = -12 + 16. What are the prime factors of j - ((-1904)/35)/((-1)/(-10))?
2, 137
Let h(g) = 534*g**2 - 976*g - 3898. What are the prime factors of h(-4)?
2, 3, 5, 19
Suppose -2*h - 2*h = 0, 4*y - 32 = -3*h. Suppose -4*z = y, 0 = -2*i + i + 5*z + 199. Let w = -113 + i. What are the prime factors of w?
2, 19
Suppose -11*z = -48 + 169. What are the prime factors of z*68/10*(-10 + 5)?
2, 11, 17
Suppose -15 = 5*q + 4*o - 9*o, -4*q - o + 8 = 0. What are the prime factors of (0/q - -548)*(29 + -28)?
2, 137
Suppose -4*s = -4*v + 2980, -3653 = -3*v + 2*s - 1422. Suppose -285 + v = 2*y. Suppose 3*z + 454 = 4*d, 0 = -5*d + 3*d + 2*z + y. List the prime factors of d.
2, 7
Let m = -791 + 1467. Suppose 0 = n + 2*i - 691, 3*n + 5*i - m = 2*n. List the prime factors of n.
701
Let i(x) = -x**3 - 16*x**2 + 18*x + 13. Let o be i(-17). List the prime factors of (-1226)/o*(8 - (-13 - -19)).
613
Suppose -9*r = -8*r + 373. Let h = r - -787. What are the prime factors of h?
2, 3, 23
Suppose -i + 2588 = 4*b - 9*b, 2*i + 5*b = 5236. List the prime factors of i.
2, 163
Let r(n) = -n**3 + 38*n**2 - 87*n + 66. List the prime factors of r(-29).
2, 53, 139
Suppose 5*r + 5*a = 31495, -4*r - 22*a = -20*a - 25184. What are the prime factors of r?
7, 29, 31
Suppose -1809 + 337 = 2*g - 2*v, 3*g + 3*v + 2208 = 0. Let h = 761 + g. List the prime factors of h.
5
Let m(r) = 19*r**2 + 120*r - 326. What are the prime factors of m(-34)?
2, 8779
Suppose 181*a - 178*a - 3411 = 0. What are the prime factors of a?
3, 379
Let j(d) = d**2 - 20*d + 2205. What are the prime factors of j(79)?
2, 3433
Let u(j) = -5640*j**3 - j**2 - 6*j - 7. What are the prime factors of u(-2)?
45121
Let i(o) = -13*o**3 - 4*o**2 - 33*o + 31. What are the prime factors of i(-6)?
11, 263
Suppose 0 = 42*t - 3556 - 26390. Let o = 1218 - t. What are the prime factors of o?
5, 101
Suppose 4*p + 8*p - 24 = 0. Let k be 1/(p*5/8810). Suppose k = 9*l - 1477. List the prime factors of l.
2, 131
Let q(l) = 20*l + 15. Suppose 0 = 8*u - 20 - 36. Let i be q(u). Let h = i - 92. What are the prime factors of h?
3, 7
Let f(a) = a**2 + a + 2. Let m be f(0). Suppose -1626 + 1654 = 7*v. Suppose v*s - 105 - 51 = -4*h, 2*h - 98 = m*s. List the prime factors of h.
2, 11
Let t be 16/(-6) + (-19)/57 + 25. Let a = t - -287. What are the prime factors of a?
3, 103
Let n = -3420 - -10489. What are the prime factors of n?
7069
Suppose 0 = 2*w - 398*d + 399*d - 28536, -5*d - 28500 = -2*w. What are the prime factors of w?
3, 5, 317
Suppose -39*d + 1541 = -16*d. Let c(u) = -u - 1. Let z be c(-3). Suppose 2*n + 124 + d = 3*b, 0 = -z*n - 8. What are the prime factors of b?
61
Let j be -1 + -4 - (-10*1 - 0). Suppose -4*c = g - 758, -j*c = 4*g - 5*g + 758. What are the prime factors of g?
2, 379
Let c(x) = x**2 + 22*x. Let v be c(-22). Suppose -15 = -5*i + 4*i + 4*q, -5*i - 5*q = v. Suppose 510 = -i*r + 9*r. List the prime factors of r.
5, 17
Let d = 109 - 109. Suppose 3*f - 15 = d, -j - 140 = -6*j + 3*f. What are the prime factors of j?
31
What are the prime factors of (6/(-10))/(56/(-1409240))?
3, 7, 719
Suppose -3*x - 16118 = -b + 9281, -3*b = 2*x - 76153. What are the prime factors of b?
53, 479
Suppose 10 + 10 = -5*k, -4*u + 24160 = -3*k. List the prime factors of u.
6037
Let n(p) = 3*p**2 + 111*p - 63. List the prime factors of n(-45).
3, 113
Suppose -2*x = 5*k - 88 - 38, -3*k = 3*x - 81. Let r be k/16*148/3. Suppose 82 + r = 3*a. What are the prime factors of a?
2, 13
Suppose 147*l = -6457 + 1487041. What are the prime factors of l?
2, 1259
Let g(w) = -709*w - 3687. List the prime factors of g(-34).
7, 2917
Suppose 9*r - 10*r - 22 = t, 3*t + 106 = -5*r. What are the prime factors of 11/((-132)/r)*129?
5, 43
Let g(k) = -8*k**3 + 27*k**2 + 47*k - 45. Let s(y) = 7*y**3 - 28*y**2 - 47*y + 45. Let l(d) = -6*g(d) - 7*s(d). What are the prime factors of l(35)?
3, 5
Let d = -3288 - -3827. What are the prime factors of d?
7, 11
Suppose q = -q - 2*q. Suppose 0 = -v - q*k + 3*k + 22, -v + 5*k = -32. Suppose 5*g + 202 = v*g. What are the prime factors of g?
101
Suppose -2*w - 4*w + 5378 = -4*w. List the prime factors of w.
2689
Let s(g) = -39*g + 1930. List the prime factors of s(-11).
7, 337
List the prime factors of ((-1362219)/(-334))/((-2)/(-4)).
3, 2719
Suppose -3*m - r + 0*r = 0, 3*m = 4*r + 15. List the prime factors of m + -5 + 359 + 2.
3, 7, 17
List the prime factors of (-10)/(-20)*-10*(-2114 + 1).
5, 2113
Let x = -22 + 47. Let q(r) = 10*r**3 + 5*r**2 + 13*r - 9. Let v be q(8). What are the prime factors of v/x - (-3)/5?
2, 3, 37
Suppose -5*b = 3*b + 168. Let m be (-13221)/b - (-21)/49. Suppose 131 = g - l, -4*g - 110 + m = -3*l. List the prime factors of g.
127
Suppose 3*p = 5*v + 11, -21*p + 10 = -18*p - 4*v. Suppose 0 = 2*l - 5*y - 3, -7*y + p*y + 11 = -l. List the prime factors of l.
2, 7
Suppose 52*p - 510746 + 43110 = 0. What are the prime factors of p?
17, 23
Let c = -2358 + 3384. List the prime factors of c.
2, 3, 19
Let v(y) = -y**3 + 19*y**2 - 35*y - 8. Suppose 4*l - 9 = z - 38, 2*z + 3*l = 14. What are the prime factors of v(z)?
19, 29
List the prime factors of ((-1)/(-2))/(-13 + 878754/67596).
43, 131
Let k(r) = 3*r**2 + 76*r - 718. What are the prime factors of k(-102)?
2, 83, 137
Let h(f) = 568*f**2 + 20*f - 21. Let l be h(1). Suppose 263*n - 264*n = -l. List the prime factors of n.
3, 7
Let j(h) = -4*h**2 + 45*h + 39. Let w be j(12). Suppose -958 = w*f - 5*f - 2*s, 5*f - 2395 = -3*s. List the prime factors of f.
479
Let z(a) = -6083*a + 209. What are the prime factors of z(-1)?
2, 11, 13
Suppose v - 4280 - 1826 = 0. What are the prime factors of v?
2, 43, 71
Suppose -89*n + 214312 = -3*n. What are the prime factors of n?
2, 7, 89
Let g(l) = -l**3 - 13*l**2 - 8*l - 30. Suppose -4*y = 8, -y - y - 8 = -2*d. Suppose -30 = d*o + j, o + 45 = -4*o + 5*j. List the prime factors of g(o).
2, 37
Suppose -3*i + 244594 = 7*g, -153410 = -4*g - 4*i - 13642. List the prime factors of g.
2, 17471
Let z = 14 - 12. Let j(k) = 2*k**2 + 1. Let n be j(z). Suppose -5*f + n*f - 52 = 0. List the prime factors of f.
13
Let q(r) = -r**3 + 26*r**2 + 30*r + 29. Let k be q(27). Suppose 0*y - 4*v - 256 = -4*y, -2*v = 4*y - 262. Let m = k - y. List the prime factors of m.
3, 5
Let o(j) be the second derivative of 11*j**4/12 + 23*j**3/6 + 77*j**2/2 - 181*j. What are the prime factors of o(-11)?
3, 5, 7, 11
What are the prime factors of ((33 - -16)*56)/((-2)/(-8)*1)?
2, 7
Suppose 0 = 4*z - x + 49, -4*x = 3*z + 17 + 15. List the prime factors of z/(-14) - 42128/(-112).
13, 29
Let c be (-1)/(-3) - ((-10880)/12 + -5). Let u be ((-34)/8 + 5)*c. Suppose -5*f - j + u = 0, 3*f + j + 138 = 4*f. What are the prime factors of f?
